07. What are the prime factors of n?
23
Suppose -16*i - 214 = -15*i. Let b = -97 + 476. Let y = i + b. List the prime factors of y.
3, 5, 11
Let l be (-7)/((-45)/21 - -2). Let j = l - 46. Suppose 0 = k + 4*k - s - 231, -j*k + 4*s + 125 = 0. What are the prime factors of k?
47
What are the prime factors of (20292/(-8))/((-7)/14)?
3, 19, 89
Let r = 673 - -14671. What are the prime factors of r?
2, 7, 137
Let u(q) = -q**2 - 18*q - 17. Let z be u(-17). Suppose z = -4*p + 637 + 631. What are the prime factors of p?
317
Let z = 16121 - 9122. What are the prime factors of z?
3, 2333
Let f(t) = t**3 + 8*t**2 + 6*t - 8. Suppose -3*x = 3*x - 12. Suppose -26 = 4*n - x. What are the prime factors of f(n)?
2, 7
Let q be (-20)/(-15)*6*(-1)/(-4). Suppose 6*k = -4*x + 4*k + 2188, x = q*k + 547. Suppose 0 = 3*t - 5*z - 323, 8*t = 3*t + 4*z + x. List the prime factors of t.
3, 37
Let w(u) = 11*u. Let k be w(5). Let i be (-8)/(48/(-66)) - 6. Suppose -275 = -i*t - k. What are the prime factors of t?
2, 11
Let n = 122 + -111. Suppose -4824 - 3437 = -n*u. List the prime factors of u.
751
Suppose -17*d + 13*d + 8 = 0. Suppose -3*l = -3*f - 177, -d*l + 115 = -2*f - f. Let p = l - -46. What are the prime factors of p?
2, 3
Let a be (-2 - 32118/(-21)) + (-15)/35. Let j = a - 844. What are the prime factors of j?
683
Let x = 442 - -28. Let g = 82 + x. List the prime factors of g.
2, 3, 23
Let r(v) be the third derivative of 0 + 0*v + 1/60*v**5 - 43*v**2 + 1/2*v**4 - 4/3*v**3. List the prime factors of r(-17).
7, 11
Let t(h) = h**3 + 37*h**2 - 26*h - 31. Let a be t(-37). Suppose 0 = -31*c + 4897 + a. What are the prime factors of c?
2, 47
Suppose 5*f - o = -3*o + 555, 444 = 4*f + 2*o. Let y = f + -82. Suppose y*k = 22*k + 455. What are the prime factors of k?
5, 13
Let v(o) = o**3 - 5*o**2 + 4*o + 5. Let a be v(4). Suppose 2*u - 4*w - 228 - 886 = 0, -a*w + 1660 = 3*u. What are the prime factors of u?
3, 5, 37
Let q be (-2)/8 - ((-30915)/108 + 1). Suppose -4*a - p - 274 = 315, -458 = 3*a + 4*p. Let x = a + q. What are the prime factors of x?
139
Let a(v) = 2*v**3 - 14*v**2 - 15*v + 8. Let o(l) be the third derivative of l**3/6 - 20*l**2. Let h(f) = -a(f) + 5*o(f). List the prime factors of h(6).
3, 53
Let p(v) = -536*v - 3140. What are the prime factors of p(-23)?
2, 2297
What are the prime factors of (5/(30/(-462)))/(8/(-440))?
5, 7, 11
Suppose 159*m + 800492 - 2243099 = 0. What are the prime factors of m?
43, 211
Let s = 53 + -10. Let a = s + -42. Suppose -a + 590 = 3*x + 5*q, 991 = 5*x - q. List the prime factors of x.
2, 3, 11
Let z(b) = -56*b - 331. Let c(j) = 282*j + 1654. Let o(y) = -3*c(y) - 14*z(y). What are the prime factors of o(-28)?
2, 11
Let w = -646 - -781. Let a(m) = 12*m**2 - m - 1. Let u be a(-2). Suppose 3*q = -3*b + w, q - 5*b + u = 2*q. What are the prime factors of q?
2, 11
Let b = -26674 - -51143. List the prime factors of b.
24469
Suppose -2*z + 3*q = 11, 0 = -0*z - 5*z + 4*q - 10. Suppose -3*i + 3 = -0, 0 = -3*n + z*i + 832. List the prime factors of n.
2, 139
Let j = 20333 + 6960. List the prime factors of j.
7, 557
Let m(l) = 3*l - 24. Let q be m(9). Suppose -q*y = 4*d - 236, 0*y = 2*d - y - 118. Suppose -3*o = 3*p - 69, 4*p - d = p - 5*o. What are the prime factors of p?
2, 7
Suppose 1020837 + 1189350 = 47*a + 4*a. What are the prime factors of a?
7, 41, 151
Let x(r) = 3*r + 5. Let v be x(0). Suppose 2*f + 7*t = 8*t + 493, -v*f - 2*t + 1246 = 0. List the prime factors of f.
2, 31
Let y be 54/((-7)/(14/3)). Let q = y + 38. Suppose -6 + q = -n. List the prime factors of n.
2
List the prime factors of (-24762)/((-1)/1 - (-1)/(-1)).
3, 4127
Suppose -4 + 180 = -4*y. Suppose -i = 5*r - 591, 5*i = -5*r + 2*i + 593. Let f = r + y. What are the prime factors of f?
2, 37
Let a(d) be the second derivative of 43*d**3/6 - 63*d**2/2 + 2*d - 8. List the prime factors of a(13).
2, 31
Let x = 64 + 2. List the prime factors of 1/(-3) + 50512/x.
3, 5, 17
Let r(q) = -q + 6*q**3 - 79 + q + q + 80 + 41*q**2 - 47*q**2. List the prime factors of r(4).
293
Let z(n) = 16*n - 31. Let h be z(9). Suppose -v = -3*c + 427 - 95, 2*v - h = -c. Let m = -71 + c. What are the prime factors of m?
2, 5
Suppose 1004 = 5*x + 259. Suppose -5*k + 1 = 3*q, k = -47 + 46. Suppose -t = 2*d - x, t = 3*t + q. What are the prime factors of d?
3, 5
Suppose 0*t + c - 10 = -4*t, -5*c + 2 = -4*t. Let n be (0 - (3 - t))/((-1)/12). Suppose -3*r + n = 0, -102 = -5*v - 3*r + 230. What are the prime factors of v?
2
Suppose 0 = k - 2. Suppose 0*a + 2*a - 68 = k*b, 0 = -a - 5*b + 4. Suppose -a = -3*y - 10*z + 8*z, 2*z + 23 = y. List the prime factors of y.
13
List the prime factors of 9 - ((-14073)/2 - (-75)/30).
7043
Suppose 2*s + 8*v - 6*v - 1458 = 0, s = v + 735. List the prime factors of s.
2, 3, 61
What are the prime factors of ((-45)/(-5) - (-36)/(-6)) + 5094?
3, 1699
Let f = 45 + -125. Let h = -84 - f. List the prime factors of (-130)/((h - -5) + (0 - 2)).
2, 5, 13
Let p be (4/(-8))/(-1)*-2540. What are the prime factors of ((-84)/15 - -4)/(4/p)?
2, 127
Let g = -36967 - -56185. List the prime factors of g.
2, 3, 3203
Let d be 1*18*(-13)/(39/(-2)). Suppose -5*k - 2 = -d. Suppose 3*u - 260 = -k*b + 43, u = 5*b + 101. List the prime factors of u.
101
Let z(v) = 3*v**2 + 2*v - 7. Let m be z(-4). Let u = m + -29. Suppose -k = -5, 0 = -y + 4*k + 33 + u. List the prime factors of y.
3, 19
Let h = 16276 - 8501. List the prime factors of h.
5, 311
Suppose 10367 = 3*z + 5*m, -z + 28*m = 31*m - 3453. List the prime factors of z.
3, 1153
Suppose -a = 3*a + 5*v + 333, 2*a - 4*v = -134. Let t be ((-692)/6)/((-40)/60). Let x = t + a. List the prime factors of x.
2, 3
Suppose -2912 = -19*x + 5*x. Let i = -73 + x. List the prime factors of i.
3, 5
Suppose -1253764 = 6*x - 5*x - 32*x. List the prime factors of x.
2, 10111
Let j = -166 - -166. What are the prime factors of 149 + j + (-1 - -8) + -3?
3, 17
Suppose -3*s + 22 - 13 = 0. Suppose z = -b + 20, -s*b = 2*z - 16 - 42. What are the prime factors of (-21)/(-2) + b/(-12)?
3
Let f = 502 - 505. List the prime factors of 6*(624/18 - -4 - f).
2, 5
Let k(f) = 2*f**2 + 10*f + 8. Let m be k(-5). Let g be m*((-45)/(-20) - 1). Suppose -5*p - 3*s + 860 = 0, -s + g = 4*p - 678. List the prime factors of p.
2, 43
Let o = 55 + -51. Let f = 53 + -49. Suppose 0 = 3*q - 0*q - o*a - 724, 496 = 2*q + f*a. List the prime factors of q.
2, 61
Let z(b) = -b**3 + b**2 - 2*b + 2. Let h be z(0). Let p be (-1)/h - 5/(-10). Suppose -o + p = -5*a - 11, -3*o + 2*a + 85 = 0. List the prime factors of o.
31
Let w = 80 - 80. Suppose 8*b - 12*b + 8 = w. Suppose 16 = -b*v + 6*v. What are the prime factors of v?
2
Suppose 349665 = 962*m - 947*m. What are the prime factors of m?
23311
Let a be (-5)/((-10)/(-6)) + 294. Suppose -k - a = -2*k. Suppose -2*o = 5*v - 111, -5*o - 4*v + k = -5*v. What are the prime factors of o?
2, 29
Suppose -41840 = -2*j + 3*z + 3097, -4*j + 3*z + 89895 = 0. What are the prime factors of j?
3, 59, 127
Suppose 3*u = -0*q + 4*q + 2794, -934 = -u + 2*q. Suppose 1144 = 2*v + 5*d, 5*v - 5*d - 1899 - u = 0. What are the prime factors of v?
3, 7
Let n(w) = 579*w - 10. Let m(q) = -1. Let b(s) = 5*m(s) - n(s). Let t be b(-1). Suppose -588 = -3*r + 3*o, 2*o = -8*r + 11*r - t. List the prime factors of r.
2, 3
Let q(r) = -28 + 2*r**2 + 33 - 3*r - r**2. Let o be q(0). Suppose 0 = n + o*f - 233, -4*n = 4*f - 219 - 745. What are the prime factors of n?
3
Let o be (-3)/9*-9 + -1 + 2. Suppose 0 = -o*b + 369 + 219. List the prime factors of b.
3, 7
Let k = -20446 + 49154. What are the prime factors of k?
2, 7177
Let o(n) = -n**3 - 11*n**2 - 10*n - 7. Let q be o(-11). Let k = q - 52. List the prime factors of 810/k + (-4)/(-34).
2
List the prime factors of (11/33*345/(-3))/(1/(-540)).
2, 3, 5, 23
Let t = -303 + 314. Suppose 423 + 1117 = t*p. What are the prime factors of p?
2, 5, 7
Let y be 672/40*20/8. Let t = 207 - y. What are the prime factors of t?
3, 5, 11
Suppose -28*d + 484447 = -337773. What are the prime factors of d?
5, 7, 839
Suppose k - 4*k + 2*l + 4 = 0, -k = 3*l - 16. Suppose y - 5 = 3*w, -3*y + 2*w = k*w - 48. What are the prime factors of 1*8/2 - (y + -15)?
5
Suppose -114 = -23*j + 4*j. Suppose -2*n + 7 = -3*k, -k + 1 + 6 = 4*n. Suppose n*w - 2*p + 146 = j*w, -w + 3*